g + d = 0. What is p(g)?
-6
Suppose 3*c - 3*q + 0*q = 0, -4*c + 30 = 2*q. Suppose -6 + 21 = c*x. Let l(f) = -20*f - 8. Let y(v) = 7*v + 3. Let n(z) = 6*l(z) + 17*y(z). Calculate n(x).
0
Let j(y) be the third derivative of -y**4/24 + 7*y**3/6 + y**2. Let q be j(6). Let f(n) = 4 - 2 + n - q. What is f(-1)?
0
Let s = -4 - 0. Let g(x) = -3*x**3 - 8*x**2 + 11*x - 18. Let f(i) = i**3 + 3*i**2 - 4*i + 6. Let k(q) = s*g(q) - 11*f(q). Give k(0).
6
Let i(d) = d**2 + 2*d - 3. Let a(w) = -w. Let q be a(-4). Suppose -4*z + z = 0. Suppose -q*u = 16 - z. Determine i(u).
5
Let w(n) = 9*n - 5. Let m(a) = a**3 - 9*a**2 + a - 7. Let y be m(9). Let i(p) = 4*p - 2. Let x(f) = y*w(f) - 5*i(f). Give x(-4).
8
Let d(c) = 3 - 2 + 5*c + 0*c + 0*c. Suppose 3*h + 0*h - 6 = 0. Suppose -h*m = 4 - 6. Determine d(m).
6
Let a(x) = x**3 + 9*x**2 - x - 8. Let m be 3 + -16 - 0 - -4. Calculate a(m).
1
Let o = -30 - -25. Let d(q) = -q**2 - 5*q - 5. Determine d(o).
-5
Let g = 1 - 1. Suppose -w + 7 - 3 = g. Let j(l) = 3*l + l - 3 - 1 + l**3 - w*l**2. Calculate j(3).
-1
Let u(q) = -q**2 + 2*q - 3. Suppose 0 = 2*i + 2, 3*i + 0*i + 7 = s. Suppose -w = 4*g + 5, 2*w + 3 = w - 3*g. Let z be w/(-6) + 14/s. What is u(z)?
-6
Let m(p) = -p + 1. Let b(g) = 6*g - 35. Let y(v) = 2*v - 12. Let s(n) = 3*b(n) - 8*y(n). Let a(t) = 5*m(t) + s(t). Calculate a(-4).
8
Let r(z) = -3*z**3 - 9*z**2 + 2. Let j(l) = 10*l**3 + 28*l**2 - 6. Let v(c) = 2*j(c) + 7*r(c). Let y = 8 + -15. Calculate v(y).
2
Let z be (4/12)/((-2)/6). Let g(d) = d - 6*d + 3 - 3 + 1. What is g(z)?
6
Let w(r) = 2*r**2 + 5*r + 6. Let g(d) = 5*d**2 + 9*d + 17 - 4 + 2*d. Let i(f) = 3*g(f) - 7*w(f). Determine i(-2).
5
Let g(q) = -q. Let x be g(4). Let a(i) be the third derivative of -i**6/120 - i**5/15 + i**4/12 + i**3/2 - 8*i**2. Give a(x).
-5
Let u be 6/(-9) - 16/(-6). Let d(w) = -3*w**3 - w. Let m be d(-1). Let v(p) = m + 4*p - 2*p - 3*p. Give v(u).
2
Let z = -3 + 5. Suppose 0*f = -z*f - 12. Let s(p) = p**2 + 6*p - 8. What is s(f)?
-8
Let d(v) be the first derivative of -2*v**4 + v**2 + v - 6. Determine d(-1).
7
Let z(f) = -7*f + f - 6 + f**2 + 0*f**2. Give z(6).
-6
Suppose 12 = h - 4*h. Let b(z) = z**2 + 7*z + 6. What is b(h)?
-6
Let p(g) = -3*g**3 - g**2 + 5*g**2 - 8 - 6*g**2 - g - g**2. Let d(x) = -4*x**3 - 3*x**2 - x - 9. Let j(q) = -4*d(q) + 5*p(q). What is j(4)?
8
Let f be (-110)/(-20) - 2/(-4). Let c(v) = -v**3 + 5*v**2 + 4*v + 8. Give c(f).
-4
Let f(k) = -k**2 - 2*k - 7. Let z(y) = -y. Let o(a) = f(a) - 3*z(a). Calculate o(0).
-7
Let a(k) = 11*k + 1. Let g(h) = -13*h. Let y(x) = -7*a(x) - 6*g(x). Let f be (-2)/(-2) - -6 - 1. Give y(f).
-1
Let t(j) = 0 + 11 + 0 + j + 1. Give t(-10).
2
Let t(l) = -2*l + 1. Let q be 7 + -1 + 0 + -2. Suppose 4*m - 8 = r, -r + 23 = q*r + m. Let k be 12/(-9)*6/r. Calculate t(k).
5
Suppose 3*a + 10 = 8*a - c, -a = -3*c - 16. Suppose z - 2 + a = 0, -2*d = -z - 1. Let i(g) = 3*g - g - 2 - d + 5. What is i(-3)?
-4
Let t(k) = 3*k**2 + 16*k + 9*k - 3 - 39*k + 17*k. Calculate t(-3).
15
Let n(p) be the second derivative of p**5/20 + p**4/12 + p**3/6 + p**2/2 + 21*p. Calculate n(0).
1
Let o(a) be the first derivative of -a**6/360 + a**5/15 - 7*a**4/24 - 2*a**3/3 + 1. Let u(v) be the third derivative of o(v). Give u(5).
8
Let t(b) = b**3 - 3*b**2 + 4. Let k be t(3). Let p(u) = 3*u - 4. Calculate p(k).
8
Suppose -5*u + 102 = -2*f, -5*u + f = 4*f - 97. Let b = u - 25. Let j(x) = x**3 + 4*x**2 - 3*x + 7. Calculate j(b).
-3
Let n(x) = -x**3 - 2*x**2 + x. Let f be (1/3)/((-1)/(-9)). Let d = -5 + f. Determine n(d).
-2
Let w(d) = 2*d - 6. Let m be (6/3 + 3)/1. What is w(m)?
4
Let m(u) = -2*u. Let s = -15 - -11. Let v = s + 12. Let y be 4/6*12/v. What is m(y)?
-2
Let f(l) = -l**3 - 5*l**2 + 6*l + 2. Let k be f(-6). Suppose 2*d = -4 - k. Let n(r) = -2*r + 3. Determine n(d).
9
Let b = -7 - 17. Let p = -16 - b. Suppose 2*g = 4*j - p, -3*j + j - g + 12 = 0. Let z(r) = -r**2 + 4*r + 1. Calculate z(j).
1
Let v(c) = -c**3 + 7*c**2 - c + 8. Let z(p) = p**2 + 14*p - 8. Let a be z(-15). Give v(a).
1
Let a(w) = w**2 - 3*w - 3. Suppose j - 16 = -4*h, -2*j + 5*h + 1 = 8. Determine a(j).
1
Suppose -2 = a - 0*a. Suppose -17 = -5*t - 7. Let l(q) = -2 + t + 1 + 5*q. Determine l(a).
-9
Let d = -26 + 21. Let i(u) = -u**3 - 4*u**2 + 4*u - 3. Calculate i(d).
2
Let j(l) = -4*l - 5. Suppose 2 - 7 = 2*t - u, -4*t - u - 19 = 0. Calculate j(t).
11
Suppose 1 = 2*n + 3*z - 6, 14 = -2*n + 4*z. Let w(l) = 6*l**3. Give w(n).
-6
Let j(v) = -2*v**3 + v**2 - 1. Suppose x - 1 = 3. Let i(u) = -u**2 + 5*u - 5. Let c be i(x). Determine j(c).
2
Let r be (-1 + -2 + 3)/(-1). Suppose 3*x + 2*w + 3*w - 19 = r, 2*x + 3*w - 11 = 0. Let c(p) = -2*p + p + 4 - 2. Calculate c(x).
4
Let a(z) = z**2 - 3 - 5*z**2 + 4*z + 3*z**2. Let h(l) = 2*l - 4. Let x be h(8). Suppose -x = -9*p + 5*p. What is a(p)?
0
Let y(w) be the second derivative of -w**6/720 + w**5/120 + w**4/3 + 4*w. Let r(v) be the third derivative of y(v). Calculate r(-1).
2
Let x(l) be the second derivative of l**5/20 - l**4/6 - l**3/2 + 2*l**2 + 18*l. Determine x(3).
4
Let m(j) = -2*j**2 - 3*j + 4. Let l(v) = v**3 - 3*v**2 - 4*v + 4. Let c be l(4). Suppose -c*n = -7*n - 9. Determine m(n).
-5
Let g(u) = u - 2. Let q(p) = p**3 + 5*p**2 + 5*p + 4. Let z be q(-4). Suppose -4 = -5*c + d, 0 = c - z*c + 3*d + 12. Give g(c).
-2
Let q(z) = z**3 - 8*z**2 + 7*z - 1. Suppose -g = 6*g - 49. Give q(g).
-1
Let q(x) = -x**3 + 7*x**2 - 7*x + 4. Let b(w) = w**2 - w + 22. Let f be b(0). Suppose -13 = 2*k - 4*z - 33, 0 = -5*k - 4*z + f. What is q(k)?
-2
Let f(q) = 13*q - 4 - q**3 + 7*q - 20*q. Determine f(0).
-4
Let i(t) = -32 - t**2 + 3*t - 39 + 68. Suppose 0 = 4*x - 5*o + 2*o - 2, -3*x = -3*o. Calculate i(x).
-1
Let o(f) be the first derivative of 1/2*f**2 - 2 - f. Calculate o(2).
1
Let c(a) = -a**2 + 2*a + 3. Let y(w) = -w. Let l(z) = c(z) + 2*y(z). Let p(k) be the first derivative of l(k). Determine p(4).
-8
Let m(z) = 3*z - 8. Let r(v) = -4*v + 9. Let d(q) = -3*m(q) - 2*r(q). Let o(l) = 13*l + 82. Let a be o(-6). Determine d(a).
2
Let s(j) = j**2 + 6*j - 2. Suppose n - 2*n = 5. Determine s(n).
-7
Let q(t) = t**2 - 4*t + 2 + 2 - 7. Let n be -3*((-16)/6 + 0). Let b = -4 + n. Give q(b).
-3
Let f(v) be the third derivative of v**5/30 + v**4/4 + v**3/2 + 41*v**2 + v. Suppose -2*n = 10, -4*b = -n + 6 + 5. What is f(b)?
11
Let d(r) = 6 - 6 - 6*r. Let s = -6 + 7. Calculate d(s).
-6
Let u(h) = -13*h - 7. Let w be u(0). Let q(t) = t**2 + 7*t + 7. Calculate q(w).
7
Let s(i) = -i**2 - 4*i + 3. Let k(m) = -m + 11. Let c be k(8). Let z = 7 + c. Let g = z - 13. What is s(g)?
6
Let y(i) = -2 - 4*i + 4*i + i**2. Let w(l) = 5*l - 7. Let t be w(1). Determine y(t).
2
Let w(h) = h - 1. Let r be w(6). Let t(n) be the second derivative of n**3/6 + n**2/2 - 5*n. Give t(r).
6
Let b(v) = v**3 - 13*v**2 + 12*v + 5. Let o(t) = t**3 - 14*t**2 + 13*t + 6. Let h(w) = -3*b(w) + 2*o(w). Give h(10).
-3
Let h(f) = 67*f**3 - 2 - f**2 - 68*f**3 - 3*f**2 - f. Let q be 1/3*(-2 + 23). Suppose -4*s + 4 = 4*g, g + 3*s = -g + q. Give h(g).
2
Let k(c) be the second derivative of -1/2*c**3 - 3*c**2 + 0 + 9*c. Determine k(-5).
9
Suppose -4*n = -5*n + 4. Let o(d) = d**3 - 2*d**2 - 4*d - 3. What is o(n)?
13
Suppose c - 6 = -2. Let u be (4/(-10))/(1/(-10)). Let h(m) = m**2 - u - m + 2 - 3*m. Give h(c).
-2
Let r be 9 + 78/(-14) + (-4)/(-7). Let h(y) be the third derivative of 0*y + 0 + 1/24*y**4 - 1/2*y**3 - y**2. What is h(r)?
1
Let a(h) = -h - 4. Let c be (-10)/15*(-10 + 1). Calculate a(c).
-10
Let m(k) = k + 13. Let l(z) = 4*z + 40. Let f(y) = 2*l(y) - 7*m(y). Give f(12).
1
Let t(y) = -y**2 + 7*y - 1 + 1. Let q be (4 + (-65)/15)*-15. What is t(q)?
10
Let d(r) = -r**2 - 9*r - 1. Let m be (2 - (-32)/(-12))*12. Give d(m).
7
Let z be 3/(-18)*-3*0. Let p(u) be the second derivative of u**4/12 + u**3/6 + 3*u**2/2 - u. Give p(z).
3
Suppose -4*a = -3*y - 8, 10 = -3*y + 2*a + 3*a. Suppose 0 = k + 5*w + 20, -4 = -k - y*k + 3*w. Let l(s) = s**2 + 3*s - 6. What is l(k)?
4
Let j be (19 - 21)*-2*5/4. Let y(m) be the second derivative of 3*m - 1/20*m**j - 1/12*m**4 + 0 - 5/2*m**2 - 1/6*m**3. What is y(0)?
-5
Let z(i) = i + 3. Let q be z(-4). Let y(a) = -a. Let o(k) be the third derivative of k**4/6 + k**3/3 + 2*k**2. Let u(w) = q*o(w) - 8*y(w). Give u(2).
6
Let t(o) be the third